

{"id":696,"date":"2023-11-08T10:36:13","date_gmt":"2023-11-08T09:36:13","guid":{"rendered":"https:\/\/natureforte.fr\/?post_type=exposition&#038;p=696"},"modified":"2024-02-21T12:59:57","modified_gmt":"2024-02-21T11:59:57","slug":"ce-que-laisse-la-riviere","status":"publish","type":"exposition","link":"https:\/\/natureforte.fr\/en\/exposition\/ce-que-laisse-la-riviere\/","title":{"rendered":"What the river leaves behind"},"content":{"rendered":"<p>&#8220;Ce que laisse la rivi\u00e8re, est un recueil de contes actuels, illustr\u00e9s \u00e0 travers la parabole animali\u00e8re.<\/p>\n\n\n\n<p>J\u2019y raconte ces humains qui ont travers\u00e9 des torrents et qui au lieu d\u2019y sombrer, ont accept\u00e9 d\u2019accueillir les mar\u00e9es.<\/p>\n\n\n\n<p>Suite \u00e0 certains \u00e9v\u00e9nements inattendus sur notre rivi\u00e8re, comme l\u2019amour, la maladie, la naissance, le deuil, il nous faut parfois apprendre \u00e0 nager sans s\u00e9curit\u00e9. C\u2019est dans ces temp\u00eates que souvent, notre lumi\u00e8re la plus intense jaillit et nous ouvre un nouveau chemin. C\u2019est cet enseignement positif que je souhaite vous partager. Ce verre \u00e0 moiti\u00e9 plein, ce calme apr\u00e8s la temp\u00eate, ce jour que pr\u00e9c\u00e8de la nuit.&nbsp;<\/p>\n\n\n\n<p>Je vous invite \u00e0 plonger au rythme des rivi\u00e8res dans la magie \u00e9ph\u00e9m\u00e8re du vivant.&#8221; Licea<\/p>\n\n\n\n<p>Exposition du 16 novembre au 2 d\u00e9cembre 2023<\/p>\n\n\n\n<p>Vernissage le 16 novembre \u00e0 18h en pr\u00e9sence de l&#8217;artiste.<\/p>\n\n\n\n<h2 class=\"wp-block-heading\">Some works featured in the exhibition:<\/h2>\n\n\n<div class=\"wp-block-image\">\n<figure class=\"aligncenter size-full\"><img loading=\"lazy\" decoding=\"async\" width=\"1000\" height=\"1020\" src=\"https:\/\/natureforte.fr\/wp-content\/uploads\/2023\/11\/Comme-deux-etoiles.jpeg\" alt=\"\" class=\"wp-image-697\" srcset=\"https:\/\/natureforte.fr\/wp-content\/uploads\/2023\/11\/Comme-deux-etoiles.jpeg 1000w, https:\/\/natureforte.fr\/wp-content\/uploads\/2023\/11\/Comme-deux-etoiles-294x300.jpeg 294w, https:\/\/natureforte.fr\/wp-content\/uploads\/2023\/11\/Comme-deux-etoiles-768x783.jpeg 768w, https:\/\/natureforte.fr\/wp-content\/uploads\/2023\/11\/Comme-deux-etoiles-12x12.jpeg 12w\" sizes=\"auto, (max-width: 1000px) 100vw, 1000px\" \/><figcaption class=\"wp-element-caption\"><em><em><strong><em>Like two stars<\/em><\/strong><\/em><\/em><br>2023&nbsp;<br>80\u00d780 cm<br>Acrylic and spray paint on canvas&nbsp;<br><\/figcaption><\/figure>\n<\/div>\n\n<div class=\"wp-block-image\">\n<figure class=\"aligncenter size-large\"><img loading=\"lazy\" decoding=\"async\" width=\"579\" height=\"1024\" src=\"https:\/\/natureforte.fr\/wp-content\/uploads\/2023\/11\/Pleine-lune-579x1024.jpeg\" alt=\"\" class=\"wp-image-698\" srcset=\"https:\/\/natureforte.fr\/wp-content\/uploads\/2023\/11\/Pleine-lune-579x1024.jpeg 579w, https:\/\/natureforte.fr\/wp-content\/uploads\/2023\/11\/Pleine-lune-170x300.jpeg 170w, https:\/\/natureforte.fr\/wp-content\/uploads\/2023\/11\/Pleine-lune-768x1358.jpeg 768w, https:\/\/natureforte.fr\/wp-content\/uploads\/2023\/11\/Pleine-lune-869x1536.jpeg 869w, https:\/\/natureforte.fr\/wp-content\/uploads\/2023\/11\/Pleine-lune-7x12.jpeg 7w, https:\/\/natureforte.fr\/wp-content\/uploads\/2023\/11\/Pleine-lune.jpeg 1000w\" sizes=\"auto, (max-width: 579px) 100vw, 579px\" \/><figcaption class=\"wp-element-caption\"><em><strong><em>Pleine lune<\/em><\/strong><\/em><br>2023&nbsp;<br>40&#215;72 cm<br>&nbsp;Acrylique \/ A\u00e9rosol sur porte en bois<br><\/figcaption><\/figure>\n<\/div>\n\n<div class=\"wp-block-image\">\n<figure class=\"aligncenter size-full\"><img loading=\"lazy\" decoding=\"async\" width=\"1000\" height=\"1007\" src=\"https:\/\/natureforte.fr\/wp-content\/uploads\/2023\/11\/Leveil-de-lalouette.jpeg\" alt=\"\" class=\"wp-image-699\" srcset=\"https:\/\/natureforte.fr\/wp-content\/uploads\/2023\/11\/Leveil-de-lalouette.jpeg 1000w, https:\/\/natureforte.fr\/wp-content\/uploads\/2023\/11\/Leveil-de-lalouette-298x300.jpeg 298w, https:\/\/natureforte.fr\/wp-content\/uploads\/2023\/11\/Leveil-de-lalouette-150x150.jpeg 150w, https:\/\/natureforte.fr\/wp-content\/uploads\/2023\/11\/Leveil-de-lalouette-768x773.jpeg 768w, https:\/\/natureforte.fr\/wp-content\/uploads\/2023\/11\/Leveil-de-lalouette-200x200.jpeg 200w, https:\/\/natureforte.fr\/wp-content\/uploads\/2023\/11\/Leveil-de-lalouette-12x12.jpeg 12w\" sizes=\"auto, (max-width: 1000px) 100vw, 1000px\" \/><figcaption class=\"wp-element-caption\"><em><strong><em>L&#8217;\u00e9veil de l\u2019alouette<\/em><\/strong><\/em><br>2023&nbsp;<br>40\u00d740 cm<br>Acrylic and spray paint on canvas<br><\/figcaption><\/figure>\n<\/div>\n\n<div class=\"wp-block-image\">\n<figure class=\"aligncenter size-large\"><img loading=\"lazy\" decoding=\"async\" width=\"825\" height=\"1024\" src=\"https:\/\/natureforte.fr\/wp-content\/uploads\/2023\/11\/Basan-Air-825x1024.jpeg\" alt=\"\" class=\"wp-image-700\" srcset=\"https:\/\/natureforte.fr\/wp-content\/uploads\/2023\/11\/Basan-Air-825x1024.jpeg 825w, https:\/\/natureforte.fr\/wp-content\/uploads\/2023\/11\/Basan-Air-242x300.jpeg 242w, https:\/\/natureforte.fr\/wp-content\/uploads\/2023\/11\/Basan-Air-768x953.jpeg 768w, https:\/\/natureforte.fr\/wp-content\/uploads\/2023\/11\/Basan-Air-10x12.jpeg 10w, https:\/\/natureforte.fr\/wp-content\/uploads\/2023\/11\/Basan-Air.jpeg 1000w\" sizes=\"auto, (max-width: 825px) 100vw, 825px\" \/><figcaption class=\"wp-element-caption\"><em><strong><em>Basan &#8211; Air<\/em><\/strong><\/em><br>2023<br>40\u00d750 cm<br>Acrylique \/ A\u00e9rosol sur bois d\u00e9coup\u00e9<br><\/figcaption><\/figure>\n<\/div>\n\n\n<div class=\"wp-block-buttons is-content-justification-center is-layout-flex wp-container-core-buttons-is-layout-16018d1d wp-block-buttons-is-layout-flex\">\n<div class=\"wp-block-button\"><a class=\"wp-block-button__link wp-element-button\" href=\"\/contact\/\">Request catalog<\/a><\/div>\n<\/div>","protected":false},"featured_media":697,"template":"","meta":[],"class_list":["post-696","exposition","type-exposition","status-publish","has-post-thumbnail","hentry"],"meta_box":{"expostion_statut":"passed","artiste_exposant":"Licea"},"_links":{"self":[{"href":"https:\/\/natureforte.fr\/en\/wp-json\/wp\/v2\/exposition\/696","targetHints":{"allow":["GET"]}}],"collection":[{"href":"https:\/\/natureforte.fr\/en\/wp-json\/wp\/v2\/exposition"}],"about":[{"href":"https:\/\/natureforte.fr\/en\/wp-json\/wp\/v2\/types\/exposition"}],"wp:featuredmedia":[{"embeddable":true,"href":"https:\/\/natureforte.fr\/en\/wp-json\/wp\/v2\/media\/697"}],"wp:attachment":[{"href":"https:\/\/natureforte.fr\/en\/wp-json\/wp\/v2\/media?parent=696"}],"curies":[{"name":"wp","href":"https:\/\/api.w.org\/{rel}","templated":true}]}}

<p>&#8220;Ce que laisse la rivière, est un recueil de contes actuels, illustrés à travers la parabole animalière.</p>



<p>J’y raconte ces humains qui ont traversé des torrents et qui au lieu d’y sombrer, ont accepté d’accueillir les marées.</p>



<p>Suite à certains événements inattendus sur notre rivière, comme l’amour, la maladie, la naissance, le deuil, il nous faut parfois apprendre à nager sans sécurité. C’est dans ces tempêtes que souvent, notre lumière la plus intense jaillit et nous ouvre un nouveau chemin. C’est cet enseignement positif que je souhaite vous partager. Ce verre à moitié plein, ce calme après la tempête, ce jour que précède la nuit.&nbsp;</p>



<p>Je vous invite à plonger au rythme des rivières dans la magie éphémère du vivant.&#8221; Licea</p>



<p>Exposition du 16 novembre au 2 décembre 2023</p>



<p>Vernissage le 16 novembre à 18h en présence de l&#8217;artiste.</p>



<h2 class="wp-block-heading">Some works featured in the exhibition:</h2>


<div class="wp-block-image">
<figure class="aligncenter size-full"><img loading="lazy" decoding="async" width="1000" height="1020" src="https://natureforte.fr/wp-content/uploads/2023/11/Comme-deux-etoiles.jpeg" alt="" class="wp-image-697" srcset="https://natureforte.fr/wp-content/uploads/2023/11/Comme-deux-etoiles.jpeg 1000w, https://natureforte.fr/wp-content/uploads/2023/11/Comme-deux-etoiles-294x300.jpeg 294w, https://natureforte.fr/wp-content/uploads/2023/11/Comme-deux-etoiles-768x783.jpeg 768w, https://natureforte.fr/wp-content/uploads/2023/11/Comme-deux-etoiles-12x12.jpeg 12w" sizes="auto, (max-width: 1000px) 100vw, 1000px" /><figcaption class="wp-element-caption"><em><em><strong><em>Like two stars</em></strong></em></em><br>2023&nbsp;<br>80×80 cm<br>Acrylic and spray paint on canvas&nbsp;<br></figcaption></figure>
</div>

<div class="wp-block-image">
<figure class="aligncenter size-large"><img loading="lazy" decoding="async" width="579" height="1024" src="https://natureforte.fr/wp-content/uploads/2023/11/Pleine-lune-579x1024.jpeg" alt="" class="wp-image-698" srcset="https://natureforte.fr/wp-content/uploads/2023/11/Pleine-lune-579x1024.jpeg 579w, https://natureforte.fr/wp-content/uploads/2023/11/Pleine-lune-170x300.jpeg 170w, https://natureforte.fr/wp-content/uploads/2023/11/Pleine-lune-768x1358.jpeg 768w, https://natureforte.fr/wp-content/uploads/2023/11/Pleine-lune-869x1536.jpeg 869w, https://natureforte.fr/wp-content/uploads/2023/11/Pleine-lune-7x12.jpeg 7w, https://natureforte.fr/wp-content/uploads/2023/11/Pleine-lune.jpeg 1000w" sizes="auto, (max-width: 579px) 100vw, 579px" /><figcaption class="wp-element-caption"><em><strong><em>Pleine lune</em></strong></em><br>2023&nbsp;<br>40&#215;72 cm<br>&nbsp;Acrylique / Aérosol sur porte en bois<br></figcaption></figure>
</div>

<div class="wp-block-image">
<figure class="aligncenter size-full"><img loading="lazy" decoding="async" width="1000" height="1007" src="https://natureforte.fr/wp-content/uploads/2023/11/Leveil-de-lalouette.jpeg" alt="" class="wp-image-699" srcset="https://natureforte.fr/wp-content/uploads/2023/11/Leveil-de-lalouette.jpeg 1000w, https://natureforte.fr/wp-content/uploads/2023/11/Leveil-de-lalouette-298x300.jpeg 298w, https://natureforte.fr/wp-content/uploads/2023/11/Leveil-de-lalouette-150x150.jpeg 150w, https://natureforte.fr/wp-content/uploads/2023/11/Leveil-de-lalouette-768x773.jpeg 768w, https://natureforte.fr/wp-content/uploads/2023/11/Leveil-de-lalouette-200x200.jpeg 200w, https://natureforte.fr/wp-content/uploads/2023/11/Leveil-de-lalouette-12x12.jpeg 12w" sizes="auto, (max-width: 1000px) 100vw, 1000px" /><figcaption class="wp-element-caption"><em><strong><em>L&#8217;éveil de l’alouette</em></strong></em><br>2023&nbsp;<br>40×40 cm<br>Acrylic and spray paint on canvas<br></figcaption></figure>
</div>

<div class="wp-block-image">
<figure class="aligncenter size-large"><img loading="lazy" decoding="async" width="825" height="1024" src="https://natureforte.fr/wp-content/uploads/2023/11/Basan-Air-825x1024.jpeg" alt="" class="wp-image-700" srcset="https://natureforte.fr/wp-content/uploads/2023/11/Basan-Air-825x1024.jpeg 825w, https://natureforte.fr/wp-content/uploads/2023/11/Basan-Air-242x300.jpeg 242w, https://natureforte.fr/wp-content/uploads/2023/11/Basan-Air-768x953.jpeg 768w, https://natureforte.fr/wp-content/uploads/2023/11/Basan-Air-10x12.jpeg 10w, https://natureforte.fr/wp-content/uploads/2023/11/Basan-Air.jpeg 1000w" sizes="auto, (max-width: 825px) 100vw, 825px" /><figcaption class="wp-element-caption"><em><strong><em>Basan &#8211; Air</em></strong></em><br>2023<br>40×50 cm<br>Acrylique / Aérosol sur bois découpé<br></figcaption></figure>
</div>


<div class="wp-block-buttons is-content-justification-center is-layout-flex wp-container-core-buttons-is-layout-16018d1d wp-block-buttons-is-layout-flex">
<div class="wp-block-button"><a class="wp-block-button__link wp-element-button" href="/contact/">Request catalog</a></div>
</div>
